hen y is divided by d.
8
Let b = -1196 + 1309. Let n(u) = 11*u - 6. What is the remainder when b is divided by n(4)?
37
Let h(z) = -4*z**2 - 3*z. Let d be h(-3). Let s = 19 - -25. Let t = s + d. Calculate the remainder when 30 is divided by t.
13
Let w = 7 + 54. Let d = w - 36. What is the remainder when d is divided by 10?
5
Suppose -y = -0*y - 404. Suppose -5*d + d = -y. Calculate the remainder when d is divided by 26.
23
Let k be (-8)/12*-12 + -3. Suppose 4*d + 36 = -u + 89, k*d - 67 = -u. Calculate the remainder when 50 is divided by d.
8
Suppose 12*f - 20 = 4. Let n(q) = 2*q**3 - 2*q**2 + 2*q - 2. What is the remainder when n(f) is divided by 4?
2
Suppose 0 = -2*s - 3*s - 25. What is the remainder when (-11 - s/5)/((-1)/11) is divided by 14?
12
Suppose 3*y - 117 = -6*y. Let t(z) = z**2 - 4*z - 3. What is the remainder when t(11) is divided by y?
9
Let r = 16 - 6. Let x = -117 - -153. Calculate the remainder when x is divided by r.
6
Let d be -2 + (-28)/(-7) - (-14)/(-2). Let n = 12 + -4. Let t = n - d. Calculate the remainder when 51 is divided by t.
12
Let d = -231 - -252. Calculate the remainder when 412 is divided by d.
13
Let x = -7 - -9. Suppose -5 = q + 4*t, 0*q + 4*q = -x*t + 8. What is the remainder when (-144)/(-14) + (-2)/7 is divided by q?
1
Let u(p) = 2*p**3 - 6*p**2 + p - 3. Let o be u(3). Calculate the remainder when (1 - 78)/(o + (-2)/2) is divided by 16.
13
Suppose -91 = -10*o + 709. What is the remainder when o is divided by 9?
8
Suppose 4*f - 5*x - 25 = f, 3*f + 4*x - 34 = 0. Suppose -1026 = -f*h + h. What is the remainder when h is divided by 23?
22
Suppose -30 - 238 = -2*f. Suppose -b + 28 = t - 33, -f = -2*b + 4*t. What is the remainder when b is divided by (3 - (4 - -1))*-11?
19
Suppose -3*o - n = -48, 0 = -o + 5*n - 0*n. Suppose o*t - 120 = 13*t. Suppose k + k = 2*v - t, 0 = -4*k - 4. What is the remainder when v is divided by 16?
13
Let t = 101 + -90. Suppose -5*o - 150 = -t*o. Calculate the remainder when o is divided by 5.
0
Suppose 0 = 4*u - 3*d - 5, 3*u + 3*d = 10 - 1. Suppose 3*l - 70 = -2*f, -f + u*l + 28 = -0*l. Calculate the remainder when f is divided by 9.
5
Let n(y) = y + 8. Suppose -3*j = 2*h + 10, -3*h + 22 = -4*j + 3. Calculate the remainder when j/6*549/(-6) is divided by n(8).
13
Let y(h) = 10*h + 112. What is the remainder when 82 is divided by y(-9)?
16
Let x(u) = -u + 22. Let m be x(17). Suppose m*g - 25 = 0, -3*g = 3*j - 4 - 89. What is the remainder when 76 is divided by j?
24
Let l be 4*2/16*6. Let a(h) = 2*h**3 - 2*h**2 - h + 2. Calculate the remainder when a(l) is divided by (-154)/(-13) - (-42)/273.
11
Suppose 186*g = 185*g + 14. Let q(y) = y**3 - 13*y**2 - 14*y + 21. Calculate the remainder when 79 is divided by q(g).
16
Let a(b) = -b**3 + 4*b**2 - 5*b + 2. Let y be a(3). Let k(n) = -6*n - 13. Calculate the remainder when 39 is divided by k(y).
6
Suppose -704 = -9*a + 565. Calculate the remainder when a is divided by 36.
33
Suppose 0*b - 3*b + 11 = 2*w, 4*b + w = 18. Suppose b = -o + 8. Suppose -5*n + m + 114 = 0, -o*m - 11 - 9 = -n. What is the remainder when 90 is divided by n?
21
Let i(z) = 11*z**2 - 1. Suppose 3*k - 10 = -3*x + 29, -5*x + 41 = 2*k. What is the remainder when i(1) is divided by k?
2
Let v = -23 + 23. Suppose -2*b + v + 12 = 0. Calculate the remainder when 10 is divided by b.
4
Let o = 213 + -188. What is the remainder when 62 is divided by o?
12
Let s = -14 + 16. Suppose 0 = -4*y + y - p + 19, -2*p = s*y - 6. Suppose -4*g - 5 = 3*n, -4*n + 4*g = -6*n - 10. What is the remainder when y is divided by n?
3
What is the remainder when 0 - -60 - (8 - 18) is divided by 23?
1
Let n(k) = 7*k**2 + 5*k + 4. Let l be n(-1). Suppose 4*c = -3*w + 92, -38 = -w - 4*c + l. What is the remainder when 109 is divided by w/(-36) + 86/3?
25
Let l(a) = -5*a - 6. Let i(z) = -z. Let y(m) = -6*i(m) - l(m). Let v be y(-2). Let q = -4 - v. Calculate the remainder when 33 is divided by q.
9
Let r = -31 + 51. Calculate the remainder when 77 is divided by r.
17
Suppose 27 = -11*d + 20*d. What is the remainder when 14 is divided by d?
2
Let o = 757 + -734. What is the remainder when 93 is divided by o?
1
Let z be (-231)/(-3) - (-15)/5. Suppose -z = 4*o + 80. Let v = -28 - o. Calculate the remainder when 33 is divided by v.
9
Let f(t) = -9*t**2 + 48*t. Calculate the remainder when 164 is divided by f(4).
20
Let v be (3102/55)/(2/5) - 0. Suppose v = 3*d + 36. What is the remainder when 68 is divided by d?
33
What is the remainder when 154/(-28)*108/(-2) - 4 is divided by 84?
41
Suppose -163 = -12*t + 557. Calculate the remainder when t is divided by 22.
16
Suppose -3*q = -5*q - 3*g + 13, -2*g = -5*q + 42. Calculate the remainder when 44 is divided by q.
4
Suppose -l = -81 + 12. Let f(y) = -14*y**3 + 2*y**2 + 4*y + 2. What is the remainder when l is divided by f(-1)?
13
Let w(f) = -f - 5. Let u be w(-10). Suppose u*o = -3 + 18. Suppose k - 4*k = -30. Calculate the remainder when k is divided by o.
1
Let w(j) = -j**3 + 8*j**2 - j - 5. Calculate the remainder when w(4) is divided by 8.
7
Let t(k) = 3*k + 30. What is the remainder when 194 is divided by t(2)?
14
Suppose 3*g - 12*w = -17*w + 193, -5*w - 375 = -5*g. Calculate the remainder when 108 is divided by g.
37
Let y be 4/6 - 28/(-21). Calculate the remainder when y/((-6)/(-5))*36 is divided by 21.
18
Calculate the remainder when ((-60)/20)/((-3)/179) is divided by 62.
55
Let j(w) be the third derivative of 7*w**4/24 + 4*w**3/3 + 11*w**2. Calculate the remainder when j(10) is divided by 20.
18
Let a = 157 - 150. Suppose -5*s = -2*l, 5*s + 2*l - 5 = 15. Suppose a*m - s*m - 75 = 0. Calculate the remainder when 58 is divided by m.
13
Let v(m) be the second derivative of 3*m**3/2 - 4*m**2 - 17*m. Calculate the remainder when v(2) is divided by 2.
0
Let r(v) = 2*v**2 - 5*v - 1. Suppose 5*z + 24 + 3 = -3*g, -4*z - 20 = 2*g. Let q be (-1 - z)*(6 - 4). What is the remainder when 41 is divided by r(q)?
8
Suppose 23 = 5*t + x - 11, t + 4*x - 22 = 0. Let c(w) = w**3 + 4*w**2 - 27*w - 31. Calculate the remainder when c(-7) is divided by 6*(3/t)/1.
2
Let l be (-2)/8 + (3 - (-1396)/16). Let w = -50 + l. What is the remainder when w is divided by 9?
4
Let c be 2*((-3 - -2) + 32). Let k = 146 - c. Suppose -5*z + k = -121. What is the remainder when z is divided by 11?
8
Let j(x) = x**3 + 9*x**2 + 20*x + 86. What is the remainder when 86 is divided by j(-7)?
42
Let y = -1 + 5. Let n be 16 - (-1 - (-132)/12). Suppose -i + 0*i = -5*o + n, y*o = 20. What is the remainder when 73 is divided by i?
16
Let c(o) = o**3 - 38*o**2 - 38*o + 37. What is the remainder when c(39) is divided by 20?
16
Suppose -1212 - 186 = -6*n. Calculate the remainder when n is divided by 13.
12
Suppose 4*i - 3*i - 3*r = 4, -3*i + 4*r + 17 = 0. What is the remainder when (6 + -4)*(-1643)/(-62) is divided by i?
4
Let s(v) = v**3 - 3*v**2 - 6*v + 12. Let f be s(4). Suppose f*t + 350 = 5*b + 110, 0 = 4*b + 3*t - 161. What is the remainder when 262 is divided by b?
42
Let d be ((-8)/6)/((-2)/93). Let k = -43 + d. Calculate the remainder when (-4)/14 - 760/(-14) is divided by k.
16
Suppose -31*u + 22*u = -279. What is the remainder when u is divided by 28?
3
Suppose -4*k = -6*k + 928. Suppose 0 = 17*d - 21*d + k. Calculate the remainder when d is divided by 17.
14
Suppose -d - 2*v = -31 - 14, -v + 2 = 0. Calculate the remainder when d is divided by 11/((-363)/(-468)) + (-8)/44.
13
What is the remainder when (-109)/((-6 + 3)/3) is divided by 11?
10
Suppose 7*b - 2*b - 267 = -2*h, -b + 75 = -5*h. Let m(u) = -u**3 + 10*u**2 + 11. Let d be m(9). What is the remainder when b is divided by (d/8 - 2)*2?
17
Suppose 3*h - 11*h + 424 = 0. Suppose 0 = 4*x - 0*x - 108. What is the remainder when h is divided by x?
26
Let d be (33 + 2 + 2)*1. Let a = 39 - d. Calculate the remainder when 4 is divided by a.
0
Suppose -3*k - 23 = 5*j, 0 = 3*k + 3*j - 0 + 15. What is the remainder when k/3 - (-868)/21 is divided by 15?
11
Let v = -55 + 85. Let h = 89 - v. Suppose 0 = -2*q + 5*c + 4 + 6, 4*c + 44 = 4*q. Calculate the remainder when h is divided by q.
14
Let g(v) = -34*v - 1. Calculate the remainder when g(-2) is divided by 0 + (-1 - 5) - -42.
31
Suppose -11*d + 6*d + 57 = -y, -48 = -5*d + 4*y. Calculate the remainder